3. Let a(f) = 3*g(f) + m(f). Give a(4).
2
Let m(q) = -q**3 + 9*q**2 - 10*q + 10. Let s be 50/4 + 6/(-12) + -4. Calculate m(s).
-6
Let b = -2 + 1. Let d = b - 2. Let q(p) = -4*p**2 - p + 3. Let y(j) = -5*j**2 - 2*j + 3. Let k(h) = 6*q(h) - 5*y(h). What is k(d)?
0
Let o(m) = m**2 + 5*m - 4. Let q be o(-6). Let u(w) = -w**3 - 1. What is u(q)?
-9
Let d(v) be the third derivative of -v**5/60 - v**4/24 + v**3/3 - 2*v**2. Suppose -h = -2*f - 6, 4*h - 2 - 7 = 3*f. Determine d(f).
-4
Let a(y) = -y**2 - y. Let u = 93 + -90. Calculate a(u).
-12
Let q(b) = -b**2 - 2*b - 2. Suppose 0 = -10*o - 40 - 0. Determine q(o).
-10
Let v(x) = -4*x**3 + 5*x**2 + x + 7. Let d(y) be the third derivative of 7*y**6/120 - y**5/6 - y**4/24 - 7*y**3/3 - y**2. Let u(c) = 3*d(c) + 5*v(c). Give u(5).
3
Let i = 86 - 92. Let r(d) = -d**3 - 12*d**2 + d + 1. Let n(z) = -z**2. Let g(x) = 6*n(x) - r(x). What is g(i)?
5
Let c(o) = -o**3 - 7*o**2 + o + 9. Let f = 57 - 64. Determine c(f).
2
Suppose -8 - 1 = -3*q. Suppose -q = -5*k + 7. Let h(j) = j**2 + 2. What is h(k)?
6
Let c(q) = -4*q + 1. Let v(b) = b**2 + b - 1. Let g be v(2). Determine c(g).
-19
Let w be 7/2*(-3 + 5). Let i(y) = -y + 6. What is i(w)?
-1
Let j(q) = 4*q + 4. Let g(y) = y + 1. Let d(r) = -10*g(r) + 3*j(r). Give d(2).
6
Let k be 4/(-10) + 16/(-10). Let d be k - -4 - (-3 - -2). Let u(m) = m**2 + 1 - 6*m + 1 + 3*m. What is u(d)?
2
Let u be 0*(-4)/16 - (3 - 12). Let i(b) = b**3 - 8*b**2 - 10*b + 4. Calculate i(u).
-5
Let l(t) = t**2 + 10*t + 27. Let i be l(-6). Let k(u) be the third derivative of -u**4/12 + u**3/2 - u**2. Give k(i).
-3
Let h(n) = 3*n**2 + 1. Let r(g) = g - 3. Let w be r(-6). Let k = w - -8. What is h(k)?
4
Let i(q) = 1 - 16*q + q**3 + 19*q + 5*q**2 + 1. Suppose -m + 2*m - 2 = 0. Suppose 3*g + 4*r - 8 = 0, -3*g - 2*r - 10 = m*g. Calculate i(g).
6
Let o(f) = -f**2 + 5*f + 5. Let z be o(4). Let u = z - 8. Let h(c) = -3*c**2 + 2*c - 1. Calculate h(u).
-2
Suppose -7 = -5*g + 3. Let j(f) = -f - 6 - 2*f**2 + 6. Give j(g).
-10
Let r(w) = w. Suppose 8*q - 15 = 5*q. Determine r(q).
5
Let g(f) = 276*f**3 + 5*f**2 + 1 - 6 - 277*f**3. Calculate g(5).
-5
Let g(j) be the third derivative of -j**6/120 - j**5/12 - j**3/6 + 7*j**2. Suppose -3*h + i + 0*i = -5, -h = i + 5. Suppose 4*l - l + 15 = h. What is g(l)?
-1
Let k(b) = 12*b - 4. Suppose -5*o - 4*c = -2*c + 14, -4*o - 2 = -3*c. Let h(w) = 4*w - 1. Let a(s) = o*k(s) + 7*h(s). Calculate a(1).
5
Suppose -5*a + 45 = -0*a + 5*u, -3*a + 4*u = -48. Let o = 12 - a. Let q(m) = m**3 + 5. What is q(o)?
5
Suppose -15 = -2*l - z + 4*z, -4*l - z - 5 = 0. Let x be (l + 2)/(6/(-12)). Let m(a) = a**2 + 10*a + 5. Let t(p) = -p - 1. Let h(b) = -m(b) - 6*t(b). Give h(x).
1
Let j(v) be the second derivative of v**5/20 + v**4/2 + 7*v**3/6 + v**2 - 15*v. Calculate j(-5).
-8
Let o(d) = -1 + 2*d + 1 + 6. What is o(-6)?
-6
Let s(h) = 3*h - 3*h**2 + 0*h - 4 + 4*h**2. Give s(-6).
14
Let a(p) = -2*p**2 - 9 - 3*p + 9. Give a(-2).
-2
Suppose -5*c - 40 = -0*c. Let r = 7 + c. Let u(q) be the second derivative of -q**4/12 + q**2/2 - q. What is u(r)?
0
Let a(f) = 13*f**3 + 11*f**2 - 15*f + 9. Let k(m) = -7*m**3 - 6*m**2 + 8*m - 5. Let c(s) = 6*a(s) + 11*k(s). Determine c(2).
3
Let q(o) = 6 - 2*o + 3*o + 0. Let c(d) = d**3 + 5*d**2 - 6*d. Suppose -2*p + 6 = 0, -4*x + p - 18 = 3*p. Let m be c(x). Give q(m).
6
Let q(i) = -3*i**2 + 3*i - 8. Let p(c) be the first derivative of -2*c**3/3 + c**2 - 7*c + 4. Let k(t) = -4*p(t) + 3*q(t). What is k(0)?
4
Let t = 26 - 24. Let c(z) be the first derivative of -z**3/3 + z**2/2 - 1. Give c(t).
-2
Let f(m) = m**3 + 6 - 2*m**3 - 2. Suppose 5*k + 90 = 5*r, r + 5 = -2*k + 17. Suppose n - 4*h = r, 2*h - 7*h = 3*n + 20. Give f(n).
4
Let v(x) = -2*x - 2. Let l(z) = -z - 21. Let q be l(-15). What is v(q)?
10
Let k(q) = -2*q**2 + 3*q + 5. Let d be 1 + (-20)/5 + 7. Determine k(d).
-15
Suppose -3*q + 6 = -q. Let g be 0/q - 0/(-1). Let x(z) = -z - 1. Give x(g).
-1
Let g be 8/(-1)*4/(-16). Let s(h) = -2 + 7*h + h - h. Calculate s(g).
12
Let k(t) = 17 - 42 + 18 + t + 13. Give k(-8).
-2
Let u(d) be the third derivative of -d**5/120 - d**4/2 + 4*d**3/3 - 9*d**2. Let t(s) be the first derivative of u(s). Calculate t(0).
-12
Let o(g) = -7 + 12 - g**2 - 6*g**3 - 4. Let n be -1 - (0/(-1))/2. Give o(n).
6
Let u(o) be the second derivative of -o**3/6 + 5*o**2/2 + 6*o. Let t(b) = -2*b + 1. Let l be t(-2). Determine u(l).
0
Let f(m) be the third derivative of -m**5/60 + m**4/6 - m**3/6 + 10*m**2. Calculate f(4).
-1
Suppose -3*a = -0*y - 5*y - 27, 19 = a - 5*y. Let b(t) = -1 + 13 - a + t - 6 + t**2. Suppose 0*x + 3*x = 0. Give b(x).
2
Let l(r) = -4*r - 1. Let x be l(2). Let b = -16 - x. Let s(c) = c + 2. Give s(b).
-5
Let s(k) be the second derivative of -k**6/120 + k**5/10 - k**4/4 + 5*k**3/6 - k**2 - 4*k. Let d(j) be the first derivative of s(j). Let o = -2 + 7. Give d(o).
0
Let v = 13 + -20. Let b(z) = z**2 + 2*z - 11. Let k(r) = r**2 + 3*r - 10. Let q(t) = -3*b(t) + 4*k(t). What is q(v)?
0
Suppose -4*g - 18 = -i, -4*i + 5*g + 20 = -19. Let o be (4 - -1)*(-6)/i. Let x(a) = -a**2 - 7*a - 7. What is x(o)?
3
Let i(d) = -4*d - 3. Let s = 6 - 4. Suppose -2 = s*a + 4. What is i(a)?
9
Let b(h) = 2*h + 2. Let p(t) = t + 1. Let k(l) = -4*b(l) + 7*p(l). Let z(m) = 6*m**2 - 5*m - 6. Let v(f) = 5*k(f) - z(f). Give v(1).
-5
Let v(f) = 5 - 3 - 12*f + 0 - 1. What is v(-1)?
13
Let d(n) = -n + 14. Let w be d(10). Suppose -2*b = 5*a - 9, -a - 3*a + w = 0. Let g(v) = -3*v - b - 7*v + 0 + 3. Determine g(-1).
11
Suppose 0*l = 5*l - 15. Suppose l*g - 20 = -g. Let n(h) be the third derivative of h**4/12 + h**3/6 + h**2. Determine n(g).
11
Let j(y) be the first derivative of -3*y**2/2 - 7*y + 2. Let p be j(-3). Let w(x) = -3*x + 1. Determine w(p).
-5
Let r(x) = x**2 + 2*x - 3. Let b(p) = p + 1. Suppose 5*z - 2*i + 5 = -6, -3*z - 5*i = -12. Let u(l) = z*r(l) + 2*b(l). Determine u(0).
5
Let a(p) = 0*p**2 + p**3 - 3 + 4 - 3*p**2 - 5*p. Let v(l) = 4*l**2. Let x(b) = b**2 - 7*b + 7. Let s be x(6). Let u be v(s). What is a(u)?
-3
Let n(t) = -t + 2. Let q(s) be the first derivative of -s**4/4 - 5*s**3/3 - 5*s**2/2 - 2. Let c be q(-4). What is n(c)?
-2
Let r(g) be the first derivative of g**4/4 - 5*g**3/3 + 5*g**2/2 - g - 1. Let t = -8 - -14. Suppose 4*u = t*u - 8. Determine r(u).
3
Let t(b) = -9*b**3 - b**2 - 5*b + 16. Let x(d) = 5*d**3 + d**2 + 3*d - 9. Let c(k) = -4*t(k) - 7*x(k). Let v be ((-2)/(-5))/((-1)/(-5)). What is c(v)?
-7
Let s(v) = 14*v - 10. Let d = -2 + -2. Let c(a) = -5*a + 3. Let w(r) = d*s(r) - 11*c(r). Give w(4).
3
Let j = -5 - -10. Suppose -2*g = j - 23. Suppose -r = 2*r - g. Let y(b) = b**3 - 4*b**2 + 3*b + 2. Calculate y(r).
2
Let q(l) = 2*l + 1. Suppose j = -j. Let u be (0/(-2 + j))/2. Suppose -3*i + 5*n - 1 = u, 2*i - 3*n + 3 = i. What is q(i)?
7
Let v(y) = 2*y**3 - 3*y**2 + 3*y - 3. Suppose q + 95 = 4*f + 2, -4*f = -3*q - 95. Let x = -21 + f. What is v(x)?
7
Let y(g) = -10*g**2 + 2*g - 1. Let d = -5 - -9. Let p be 2 - (3 + 0)*-1. Let k = p - d. Calculate y(k).
-9
Let f be ((1 - 1)/1)/(-1). Let p(q) = 3*q + 5 - 1 + f*q. Give p(-3).
-5
Let t(z) = -z**2 + 4*z + 2. Suppose -3*j - 10 - 2 = 3*l, 0 = j - 3*l. Let c be ((-3)/2)/(j/8). Determine t(c).
2
Suppose -k - 15 = 4*k, l + k - 1 = 0. Let d be (-3)/4 - 1/l. Let v(j) be the first derivative of j**2 - 11. What is v(d)?
-2
Let f(z) = -14*z + 73. Let n(u) = -u + 6. Let g(k) = 2*f(k) - 26*n(k). Let s = 3 + -10. What is g(s)?
4
Let w(u) = -u**2 + 9*u - 4. Let m be 12/(-9) + (-110)/(-15). What is w(m)?
14
Let x(t) = -64*t + 27*t - 6 + 31*t. Calculate x(-4).
18
Let c(k) = -k**3 + k**2 + k + 5. Suppose -y = -1 + 3. Let r be y/7 - 2/(-7). What is c(r)?
5
Let a(i) be the first derivative of 0*i**2 + 2*i - 1 + 1/3*i**3. What is a(0)?
2
Let k(r) = r**2 - 11*r + 18. Let d(w) = w - 3. Let q(y) = -5*d(y) - k(y). Let z be (3/(-3))/((-1)/7). Give q(z).
-10
Suppose -23 = -2*u - 5*w, -3*w + 0 + 15 = 0. Let o(k) = 17*k - 3 - 11 + 5. Let z(q) = -9*q + 5. Let p(y) = -4*o(y) - 7*z(y). What is p(u)?
6
Let l(u) be the first derivative of -2*u**3 + 1/2*u**2 - 1 - 3*u - 1/4*u**4. Let s = -15 - -9. What is l(s)?
-9
Let i(b) = b**3 + b**2 + b + 1. Suppose -11 = 5*o - 56. Suppose 3*y - o = -0*y. Suppose 2*a - 2*v = y*v - 7, 5*v = -2*a + 3. What is i(a)?
0
Let r be 3/5 + (-8